i**2 - 9*i - 9. Suppose 0 = -14*y + 102 + 52. Determine w(y).
13
Let o(s) = 5*s**3 - 16*s**2 + 8*s - 3. Let t(k) = -k**3 + 2*k**2 - 2*k. Let r(j) = -o(j) - 4*t(j). What is r(8)?
3
Let o(v) be the first derivative of -v**4/4 + 14*v**3/3 - 9*v**2/2 + 12*v + 1669. What is o(14)?
-114
Let n(k) be the third derivative of -k**6/5 + k**5/60 - k**4/12 + k**3/6 - 13*k**2 - 6. Give n(1).
-24
Let n(w) = -16*w**2 - 60*w - 125. Let k(f) = 3*f**2 + 10*f + 24. Let u(p) = -22*k(p) - 4*n(p). Give u(10).
-28
Let z(l) = -l**3 - 5*l**2 - 6*l - 2. Suppose 2*t - 37 = -25. Suppose 0 = -0*g + t*g - 138. Suppose -s - g = 2*u + 4*s, 2*u = 5*s + 7. Calculate z(u).
6
Let q = -408 + 952. Let k = q + -534. Let p(i) = i - 6. What is p(k)?
4
Let d(v) be the third derivative of -5*v**4/8 + 13*v**3/2 - 60*v**2. Let r(f) = -7*f + 18. Let c(s) = -6*d(s) + 13*r(s). Give c(-5).
5
Let n(p) = 11 + 3*p + 5 - 2*p. Let h = -265 - -594. Suppose h*q - 338*q = 0. What is n(q)?
16
Let y(j) = j**3 + 4*j**2 + 7*j + 8. Let f = -15078 - -15073. Give y(f).
-52
Suppose -18 - 2 = -5*m. Suppose -m*z = -z + 9. Let c(o) be the second derivative of -o**4/12 - 2*o**3/3 + o**2/2 - 1116*o. Calculate c(z).
4
Let k(h) = -h**2 - 16*h - 40. Suppose 133*a + 34*a + a = -2016. Give k(a).
8
Let g(l) = 427*l - 852*l + 422*l - l**2 + 5. Let m(f) = -2*f + 2. Let o be m(3). What is g(o)?
1
Let n(h) = -3*h**3 - 36*h**2 + 13*h + 16. Let o(g) = -2*g**3 - 23*g**2 + 7*g + 8. Let q(s) = -3*n(s) + 5*o(s). Give q(-7).
20
Let d be (-4)/10 + (-170)/(-50). Let w(n) be the first derivative of n**4/4 - n**3 + n**2/2 - 3*n - 650. What is w(d)?
0
Let c(j) = 3*j**3 - j**2 - 10. Let h(g) = -g**3 + 1. Let r(s) = c(s) + 2*h(s). Calculate r(-4).
-88
Let d = -2 - -38. Suppose -3*a = 2*v - d, -3*a - v - 3*v = -30. Suppose 2*q + a = -2*c - 0*q, -2*c - 4*q - 14 = 0. Let s(t) = -t**3 - 7*t**2. Determine s(c).
0
Let c(o) be the first derivative of -17*o**3/3 - o + 347. Give c(1).
-18
Let g(b) = -4*b + 25. Let x be g(6). Let z(u) = -u. Let j be 0/3 - (-4 + 3). Let v(r) = 78*r. Let k(m) = j*v(m) + 65*z(m). Determine k(x).
13
Let j(n) = -50 + 17*n - 16*n + 57. Suppose -4*f + 1 = -5*f + c, -5*f = 4*c + 50. Give j(f).
1
Let p(r) = 45*r - 11. Let v be (-3 - 1)*3/(-4) + 3. Let k(m) = 37*m - 9. Let w(j) = v*k(j) - 5*p(j). Let u be (4/(-6))/((-2)/3). Give w(u).
-2
Let h(o) = 539 + 527 - 6*o - 1006. Calculate h(12).
-12
Suppose -2*h = -h + 8. Let p = h + 4. Let f(c) = -13*c - 7. Let j(i) = -28*i - 15. Let s(m) = -13*f(m) + 6*j(m). Calculate s(p).
-3
Let p(w) = -2*w**2 + 14*w - 14. Let k(f) = 6*f**2 - 38*f + 39. Let h(n) = -3*k(n) - 8*p(n). Calculate h(2).
-9
Let d = 1116 + -545. Suppose 14*n = d - 67. Suppose -l - n = -40. Let s(a) = a**2 - 2*a - 4. Determine s(l).
4
Let g(i) be the first derivative of -3*i**4/4 + 4*i**3/3 - 3*i**2/2 - i - 1333. What is g(2)?
-15
Let q(c) = c**3 - 74*c**2 + 33*c - 12. Let m(t) = -37*t**2 + 17*t - 5. Let i(p) = -5*m(p) + 3*q(p). Calculate i(12).
13
Let p be (4/(-6))/((-5 + (-203)/(-42))/1). Let x(r) = -r**2 + 38*r - 129. What is x(p)?
7
Let i(u) be the second derivative of -u**6/60 - u**5/120 + 70*u**3/3 - u**2/2 + 175*u. Let q(c) be the second derivative of i(c). Determine q(-3).
-51
Let m(f) be the third derivative of 1/60*f**5 + 0*f - f**2 - 1 - 7/6*f**3 + 0*f**4. Give m(-5).
18
Let g(u) be the second derivative of -u**3/2 - 67*u**2/2 + 16*u - 15. Give g(-22).
-1
Let c(v) be the second derivative of -v**5/20 + 7*v**4/12 - 2*v**3/3 - v**2 + 11*v. Suppose 21*i = -12*i + 198. Calculate c(i).
10
Let v = 261 - 257. Let b(i) = -4 + 17 + v*i - 5*i. Determine b(8).
5
Let y be (-11)/15 + (-12)/(-36) - 26/10. Let k(w) = -w**2 + 12*w + 3. Determine k(y).
-42
Let w be 0 + 4/16*4. Let b(u) = -3*u + 9*u - 7*u + w. Let q be b(-4). Let z(k) = -k**2 + 5*k + 3. Give z(q).
3
Let w be -7 + 7 + (-5)/(15/27). Let g(f) = 2*f**2 + 12*f - 7. Determine g(w).
47
Suppose -67 = 5*h - 2*p, 13*h - 17*h + 4*p - 68 = 0. Let c(k) = -4*k - 34. Give c(h).
10
Let n(y) = -2*y**3 - 8*y**2 - 8*y + 2. Let l be n(-4). Let j(r) = 10 - 2*r + 3*r - r**2 + l - 20 + 27. What is j(0)?
51
Let k(u) be the first derivative of -u**3/2 - 3*u**2 + 73*u + 1. Let t(x) be the first derivative of k(x). Give t(-5).
9
Let u(p) = p**3 - 35*p**2 - 39*p + 109. Let b be u(36). Let l(c) = c + 1. Let v(i) = -12*i**3 + i**2 + 5*i + 5. Let f(x) = b*v(x) - 6*l(x). What is f(-1)?
13
Let c(y) be the first derivative of -13/6*y**3 - 5*y**2 + 30 + 0*y + 1/24*y**4. Let j(f) be the second derivative of c(f). Determine j(6).
-7
Let c(k) = -9 - 45 + 6424*k - 6*k**2 - k**3 - 6436*k. Give c(-5).
-19
Let y(r) = -11*r + 7. Suppose -47*a - 4393 = -386*a - 664. Determine y(a).
-114
Let c(a) = -2*a - 16 + a**2 + 50 + 60*a**3 + 60*a**3 - 33 - 118*a**3. Let v(u) = u**3 - u**2 + u + 1. Let z be v(0). Determine c(z).
2
Let x = -374 + 390. Suppose -22*k - 4 = -23*k + 3*n, -3*k - x = 5*n. Let m(u) = -18*u. Calculate m(k).
36
Suppose -17*b + 12*b - 5 = -4*p, 3*b = -3. Let y be 2 - (p - 1)*1. Let x(s) = -s + 2. Calculate x(y).
-1
Suppose -2*m - 8 = -3*x, -2*x - m = -x + 4. Let q(b) = -2 + x + 3 - 6*b + 0. Determine q(2).
-11
Let y = 360 - 359. Let b(c) be the second derivative of 7*c**5/10 + c**3/3 - c**2/2 - 26*c. Give b(y).
15
Let o(k) be the third derivative of k**4/8 + k**3 - 168*k**2 - 2*k. What is o(3)?
15
Let r(w) = 7*w**2 - 108*w + 29. Let u(g) = g**2 - 15*g + 4. Let p(n) = -2*r(n) + 15*u(n). Let b be 1 + (4 + 3 - -2). Determine p(b).
12
Let v = -751 - -754. Suppose l = 3*l - v*z - 4, 4*l = z - 12. Let b(g) = g + 6. Determine b(l).
2
Let n(f) be the first derivative of 5*f**2/2 + 54*f + 18. Let g be n(-9). Suppose 32 = -g*l - 31. Let b(k) = k**2 + 5*k - 9. Calculate b(l).
5
Let j(a) = -56 - 49 + a**3 - 6*a**2 - 45 + 3*a + 148. Let x = -10 - -15. Suppose 4*d - q - q - 28 = 0, -5*d + x*q + 40 = 0. Calculate j(d).
16
Let g(l) = 68 + 71 - 216 - 7*l + 71. What is g(0)?
-6
Let y(s) be the first derivative of 7/2*s**2 - 2*s + 37. Give y(2).
12
Let l(j) = 2*j**2 - 6*j - 1. Let q be 1/(2 + 65/(-26)). Determine l(q).
19
Let n(d) = 3*d**3 - 11*d**2 - 2*d + 1. Let t(o) be the first derivative of -o**4/2 + 10*o**3/3 + o**2 - 2*o + 23. Let q(h) = -3*n(h) - 4*t(h). Determine q(-6).
-19
Let l(d) be the second derivative of -2 + 1/20*d**5 - 2*d**2 + 0*d**3 + 7*d + 5/12*d**4. What is l(-3)?
14
Let k be (414/4)/3*78/9. Suppose k - 89 = 6*v. Suppose -15*g + v = 95. Let l(s) = -2*s. Give l(g).
8
Let b(y) be the third derivative of -y**5/60 + 5*y**4/24 - y**3/6 + 9*y**2 + 8*y - 1. Let t be (-12)/(-1 - 2)*2. Let n = t + -5. Calculate b(n).
5
Let o(x) be the third derivative of 0*x + 11/3*x**3 + 0 + 1/180*x**6 + 12*x**2 + 1/40*x**5 - 1/6*x**4. Let t(d) be the first derivative of o(d). What is t(-3)?
5
Let b be ((-3 - (-45)/12) + 726/(-616))*-7. Let m(d) = 4*d**3 - 3*d**2 + 2. Calculate m(b).
83
Let h(u) = -u + 10. Suppose 0*z - 5*s = 4*z + 20, -16 = 4*s. Let i(t) = t**3 + t**2 - 2*t + 7. Let k be i(z). Determine h(k).
3
Let s(c) be the first derivative of 17*c**2/2 + 230*c - 2235. Determine s(-14).
-8
Let d(i) = -i - 601 + 1134 - 533. Suppose -3*t - 6 - 12 = 0. Calculate d(t).
6
Let c be -2*(-6)/((-12)/(-5)). Suppose -3*s - c*p = -4*s - 2, 5*s - 2*p + 10 = 0. Let t be ((-3)/s)/((-4)/(320/15)). Let n(x) = x**2 + 10*x + 9. Calculate n(t).
-7
Let o(i) be the second derivative of -i**4/12 - 3*i**3/2 + 21*i**2 + 159*i + 1. Calculate o(-12).
6
Let r = -302 - -304. Let p(i) = -4*i - 3 + 6 - 1 + 1 + 10*i**2 + 2*i**r. Calculate p(2).
43
Suppose -a - 2*a = -9. Suppose 4*r - a*r + 10 = 0. Let d(m) = m + 10. Let l be d(r). Let k(t) = t - 6. Calculate k(l).
-6
Let d(n) = n - 4. Let k be (3 + -8)*8/20 - -331. Let l = -335 + k. Give d(l).
-10
Suppose 167 = -3*m + 4*d, -17*m + 450 = -d + 1288. Let n(c) = -9*c - 440. Calculate n(m).
1
Let q(u) be the second derivative of u**3/6 - 11*u**2/2 + 2406*u. Calculate q(-8).
-19
Suppose 139*b - 122*b + 272 = 0. Let p(k) = k**3 + 17*k**2 + 15*k - 12. Determine p(b).
4
Suppose -l + 43 + 34 = 0. Let m = l + -167. Let a = 88 + m. Let y(d) = d - 1. What is y(a)?
-3
Let t(r) = -5*r + 31. Let u(y) be the second derivative of y**3/3 - 7*y**2 + 141*y. Let o(i) = 4*t(i) + 9*u(i). What is o(-6)?
10
Let c(x) = x**2 + 2*x + 46. Let m be (0 - 8/((-80)/(-15)))*414/(-69). Give c(m).
145
Let i(b) be the seco